{"id":29268,"date":"2024-02-12T15:47:57","date_gmt":"2024-02-12T15:47:57","guid":{"rendered":"https:\/\/theme-dev.cmsmasters.net\/dental-clone\/?page_id=29268"},"modified":"2025-07-05T18:21:44","modified_gmt":"2025-07-05T18:21:44","slug":"iletisim","status":"publish","type":"page","link":"https:\/\/doktoremrahyildiz.com\/?page_id=29268","title":{"rendered":"\u0130leti\u015fim"},"content":{"rendered":"\t\t<div data-elementor-type=\"wp-page\" data-elementor-id=\"29268\" class=\"elementor elementor-29268\">\n\t\t\t\t<div class=\"elementor-element elementor-element-4d2e8b1 e-con-full e-flex cmsmasters-block-default e-con e-parent\" data-id=\"4d2e8b1\" data-element_type=\"container\">\n\t\t<div class=\"elementor-element elementor-element-38aa80b e-con-full e-flex cmsmasters-bg-hide-none cmsmasters-bg-hide-none cmsmasters-block-default e-con e-child\" data-id=\"38aa80b\" data-element_type=\"container\" data-settings=\"{&quot;background_background&quot;:&quot;classic&quot;}\">\n\t\t\t\t<div class=\"elementor-element elementor-element-eff857f cmsmasters-block-default cmsmasters-sticky-default elementor-widget elementor-widget-spacer\" data-id=\"eff857f\" data-element_type=\"widget\" data-widget_type=\"spacer.default\">\n\t\t\t\t<div class=\"elementor-widget-container\">\n\t\t\t\t\t\t\t<div class=\"elementor-spacer\">\n\t\t\t<div class=\"elementor-spacer-inner\"><\/div>\n\t\t<\/div>\n\t\t\t\t\t\t<\/div>\n\t\t\t\t<\/div>\n\t\t\t\t<\/div>\n\t\t<div class=\"elementor-element elementor-element-4ce88f0 e-con-full e-flex cmsmasters-block-default e-con e-child\" data-id=\"4ce88f0\" data-element_type=\"container\" data-settings=\"{&quot;background_background&quot;:&quot;classic&quot;}\">\n\t\t\t\t<div class=\"elementor-element elementor-element-bf29937 cmsmasters-block-default cmsmasters-sticky-default elementor-widget elementor-widget-heading\" data-id=\"bf29937\" data-element_type=\"widget\" data-widget_type=\"heading.default\">\n\t\t\t\t<div class=\"elementor-widget-container\">\n\t\t\t\t\t<h6 class=\"elementor-heading-title elementor-size-default\">B\u0130ZE ULA\u015eIN<\/h6>\t\t\t\t<\/div>\n\t\t\t\t<\/div>\n\t\t\t\t<div class=\"elementor-element elementor-element-4d7faf7 cmsmasters-block-default cmsmasters-sticky-default elementor-widget elementor-widget-heading\" data-id=\"4d7faf7\" data-element_type=\"widget\" data-widget_type=\"heading.default\">\n\t\t\t\t<div class=\"elementor-widget-container\">\n\t\t\t\t\t<h1 class=\"elementor-heading-title elementor-size-default\">Sa\u011fl\u0131\u011f\u0131n\u0131z\u0131 Ertelemeyin<\/h1>\t\t\t\t<\/div>\n\t\t\t\t<\/div>\n\t\t<div class=\"elementor-element elementor-element-e428cd9 e-con-full e-flex cmsmasters-block-default e-con e-child\" data-id=\"e428cd9\" data-element_type=\"container\">\n\t\t\t\t<div class=\"elementor-element elementor-element-11bc490 elementor-widget__width-auto cmsmasters-icon-arrangement-together cmsmasters-block-default cmsmasters-sticky-default elementor-widget elementor-widget-cmsmasters-button\" data-id=\"11bc490\" data-element_type=\"widget\" data-widget_type=\"cmsmasters-button.default\">\n\t\t\t\t<div class=\"elementor-widget-container\">\n\t\t\t\t\t<div class=\"elementor-widget-cmsmasters-button__button-container\"><div class=\"elementor-widget-cmsmasters-button__button-container-inner\"><a href=\"https:\/\/wa.me\/05378590024\" class=\"cmsmasters-button-link elementor-widget-cmsmasters-button__button cmsmasters-icon-view-default cmsmasters-icon-shape- cmsmasters-button-size-sm\" role=\"button\"><span class=\"elementor-widget-cmsmasters-button__content-wrapper cmsmasters-align-icon-left\"><span class=\"elementor-widget-cmsmasters-button__icon\"><svg aria-hidden=\"true\" class=\"e-font-icon-svg e-fab-whatsapp\" viewBox=\"0 0 448 512\" xmlns=\"http:\/\/www.w3.org\/2000\/svg\"><path d=\"M380.9 97.1C339 55.1 283.2 32 223.9 32c-122.4 0-222 99.6-222 222 0 39.1 10.2 77.3 29.6 111L0 480l117.7-30.9c32.4 17.7 68.9 27 106.1 27h.1c122.3 0 224.1-99.6 224.1-222 0-59.3-25.2-115-67.1-157zm-157 341.6c-33.2 0-65.7-8.9-94-25.7l-6.7-4-69.8 18.3L72 359.2l-4.4-7c-18.5-29.4-28.2-63.3-28.2-98.2 0-101.7 82.8-184.5 184.6-184.5 49.3 0 95.6 19.2 130.4 54.1 34.8 34.9 56.2 81.2 56.1 130.5 0 101.8-84.9 184.6-186.6 184.6zm101.2-138.2c-5.5-2.8-32.8-16.2-37.9-18-5.1-1.9-8.8-2.8-12.5 2.8-3.7 5.6-14.3 18-17.6 21.8-3.2 3.7-6.5 4.2-12 1.4-32.6-16.3-54-29.1-75.5-66-5.7-9.8 5.7-9.1 16.3-30.3 1.8-3.7.9-6.9-.5-9.7-1.4-2.8-12.5-30.1-17.1-41.2-4.5-10.8-9.1-9.3-12.5-9.5-3.2-.2-6.9-.2-10.6-.2-3.7 0-9.7 1.4-14.8 6.9-5.1 5.6-19.4 19-19.4 46.3 0 27.3 19.9 53.7 22.6 57.4 2.8 3.7 39.1 59.7 94.8 83.8 35.2 15.2 49 16.5 66.6 13.9 10.7-1.6 32.8-13.4 37.4-26.4 4.6-13 4.6-24.1 3.2-26.4-1.3-2.5-5-3.9-10.5-6.6z\"><\/path><\/svg><\/span><span class=\"elementor-widget-cmsmasters-button__text\">WHATSAPP<\/span><\/span><\/a><\/div><\/div>\t\t\t\t<\/div>\n\t\t\t\t<\/div>\n\t\t\t\t<div class=\"elementor-element elementor-element-151ab8b cmsmasters-widget-align-left cmsmasters-widget-marker-view-stacked elementor-widget-widescreen__width-initial cmsmasters-widget-layout-row cmsmasters-widget-direction-default cmsmasters-widget-marker-element-icon cmsmasters-widget-marker-shape-circle cmsmasters-block-default cmsmasters-sticky-default elementor-widget elementor-widget-cmsmasters-icon-list cmsmasters-widget-icon-list\" data-id=\"151ab8b\" data-element_type=\"widget\" data-widget_type=\"cmsmasters-icon-list.default\">\n\t\t\t\t<div class=\"elementor-widget-container\">\n\t\t\t\t\t\t\t<ul class=\"cmsmasters-widget-icon-list-items\">\n\t\t\t\t\t\t\t<li class=\"cmsmasters-widget-icon-list-item active-icon-item active-link-item\">\n\t\t\t\t<a href=\"tel:\/\/05378590024\">\t\t\t\t<span class=\"cmsmasters-widget-icon-list-item-text-wrap\">\n\t\t\t\t\t\t\t\t\t\t\t<span class=\"cmsmasters-widget-icon-list-item-icon\">\n\t\t\t\t\t\t\t<span>\n\t\t\t\t\t\t\t\t\t\t\t\t\t\t\t\t\t<svg aria-hidden=\"true\" class=\"e-font-icon-svg e-fas-phone-alt\" viewBox=\"0 0 512 512\" xmlns=\"http:\/\/www.w3.org\/2000\/svg\"><path d=\"M497.39 361.8l-112-48a24 24 0 0 0-28 6.9l-49.6 60.6A370.66 370.66 0 0 1 130.6 204.11l60.6-49.6a23.94 23.94 0 0 0 6.9-28l-48-112A24.16 24.16 0 0 0 122.6.61l-104 24A24 24 0 0 0 0 48c0 256.5 207.9 464 464 464a24 24 0 0 0 23.4-18.6l24-104a24.29 24.29 0 0 0-14.01-27.6z\"><\/path><\/svg>\t\t\t\t\t\t\t\t\t\t\t\t\t\t\t<\/span>\n\t\t\t\t\t\t<\/span>\n\t\t\t\t\t\t\t\t\t\t<span class=\"cmsmasters-widget-icon-list-item-text-inner\">\n\t\t\t\t\t\t<span class=\"cmsmasters-widget-icon-list-item-text\">\n\t\t\t\t\t\t\t0537 859 00 24\t\t\t\t\t\t<\/span>\n\t\t\t\t\t\t\t\t\t\t\t<\/span>\n\t\t\t\t<\/span>\n\t\t\t\t<\/a>\t\t\t\t<\/li>\n\t\t\t\t\t<\/ul>\n\t\t\t\t\t\t<\/div>\n\t\t\t\t<\/div>\n\t\t\t\t<\/div>\n\t\t\t\t<\/div>\n\t\t\t\t<\/div>\n\t\t<div class=\"elementor-element elementor-element-df3cedb e-flex e-con-boxed cmsmasters-block-default e-con e-parent\" data-id=\"df3cedb\" data-element_type=\"container\">\n\t\t\t\t\t<div class=\"e-con-inner\">\n\t\t<div class=\"elementor-element elementor-element-d254cba e-con-full e-flex cmsmasters-block-default e-con e-child\" data-id=\"d254cba\" data-element_type=\"container\">\n\t\t\t\t<div class=\"elementor-element elementor-element-3699747 elementor-widget__width-initial cmsmasters-block-default cmsmasters-sticky-default elementor-widget elementor-widget-heading\" data-id=\"3699747\" data-element_type=\"widget\" data-widget_type=\"heading.default\">\n\t\t\t\t<div class=\"elementor-widget-container\">\n\t\t\t\t\t<h3 class=\"elementor-heading-title elementor-size-default\">\u0130leti\u015fim Bilgileri<\/h3>\t\t\t\t<\/div>\n\t\t\t\t<\/div>\n\t\t<div class=\"elementor-element elementor-element-7a0c919 e-con-full e-flex cmsmasters-block-default e-con e-child\" data-id=\"7a0c919\" data-element_type=\"container\">\n\t\t<div class=\"elementor-element elementor-element-c307887 e-con-full e-flex cmsmasters-block-default e-con e-child\" data-id=\"c307887\" data-element_type=\"container\">\n\t\t\t\t<div class=\"elementor-element elementor-element-67a839b cmsmasters-block-default cmsmasters-sticky-default elementor-widget elementor-widget-heading\" data-id=\"67a839b\" data-element_type=\"widget\" data-widget_type=\"heading.default\">\n\t\t\t\t<div class=\"elementor-widget-container\">\n\t\t\t\t\t<div class=\"elementor-heading-title elementor-size-default\">TELEFON<\/div>\t\t\t\t<\/div>\n\t\t\t\t<\/div>\n\t\t\t\t<div class=\"elementor-element elementor-element-ce4a1cc cmsmasters-block-default cmsmasters-sticky-default elementor-widget elementor-widget-text-editor\" data-id=\"ce4a1cc\" data-element_type=\"widget\" data-widget_type=\"text-editor.default\">\n\t\t\t\t<div class=\"elementor-widget-container\">\n\t\t\t\t\t\t\t\t\t<p><a href=\"tel:\/\/05378590024\">0537 859 00 24<\/a><\/p>\t\t\t\t\t\t\t\t<\/div>\n\t\t\t\t<\/div>\n\t\t\t\t<div class=\"elementor-element elementor-element-c38b990 cmsmasters-block-default cmsmasters-sticky-default elementor-widget elementor-widget-heading\" data-id=\"c38b990\" data-element_type=\"widget\" data-widget_type=\"heading.default\">\n\t\t\t\t<div class=\"elementor-widget-container\">\n\t\t\t\t\t<div class=\"elementor-heading-title elementor-size-default\">ADRES\u0130M\u0130Z<\/div>\t\t\t\t<\/div>\n\t\t\t\t<\/div>\n\t\t\t\t<div class=\"elementor-element elementor-element-ba04bc3 cmsmasters-block-default cmsmasters-sticky-default elementor-widget elementor-widget-text-editor\" data-id=\"ba04bc3\" data-element_type=\"widget\" data-widget_type=\"text-editor.default\">\n\t\t\t\t<div class=\"elementor-widget-container\">\n\t\t\t\t\t\t\t\t\t<p>Diclekent Mah. Mh. Mastfro\u015f Cad. Cd. Fours Plaza K:12 Sk. No: 13\/33 KAYAPINAR\/D\u0130YARBAKIR<\/p>\t\t\t\t\t\t\t\t<\/div>\n\t\t\t\t<\/div>\n\t\t\t\t<\/div>\n\t\t\t\t<\/div>\n\t\t\t\t<\/div>\n\t\t<div class=\"elementor-element elementor-element-6f4ead5 e-con-full e-flex cmsmasters-block-default e-con e-child\" data-id=\"6f4ead5\" data-element_type=\"container\">\n\t\t\t\t<div class=\"elementor-element elementor-element-218190d cmsmasters-block-default cmsmasters-sticky-default elementor-widget elementor-widget-google_maps\" data-id=\"218190d\" data-element_type=\"widget\" data-widget_type=\"google_maps.default\">\n\t\t\t\t<div class=\"elementor-widget-container\">\n\t\t\t\t\t\t\t<div class=\"elementor-custom-embed\">\n\t\t\t<iframe loading=\"lazy\"\n\t\t\t\t\tsrc=\"https:\/\/maps.google.com\/maps?q=Diclekent%20Mah.%20Mh.%20Mastfro%C5%9F%20Cad.%20Cd.%20Fours%20Plaza%20K%3A12%20Sk.%20No%3A%2013%2F33%20KAYAPINAR%2FD%C4%B0YARBAKIR&#038;t=m&#038;z=17&#038;output=embed&#038;iwloc=near\"\n\t\t\t\t\ttitle=\"Diclekent Mah. Mh. Mastfro\u015f Cad. Cd. Fours Plaza K:12 Sk. No: 13\/33 KAYAPINAR\/D\u0130YARBAKIR\"\n\t\t\t\t\taria-label=\"Diclekent Mah. Mh. Mastfro\u015f Cad. Cd. Fours Plaza K:12 Sk. No: 13\/33 KAYAPINAR\/D\u0130YARBAKIR\"\n\t\t\t><\/iframe>\n\t\t<\/div>\n\t\t\t\t\t\t<\/div>\n\t\t\t\t<\/div>\n\t\t\t\t<\/div>\n\t\t\t\t\t<\/div>\n\t\t\t\t<\/div>\n\t\t<div class=\"elementor-element elementor-element-0b3efb4 e-flex e-con-boxed cmsmasters-block-default e-con e-parent\" data-id=\"0b3efb4\" data-element_type=\"container\" id=\"bookonline\">\n\t\t\t\t\t<div class=\"e-con-inner\">\n\t\t<div class=\"elementor-element elementor-element-19681d7 e-con-full e-flex cmsmasters-block-default e-con e-child\" data-id=\"19681d7\" data-element_type=\"container\">\n\t\t\t\t<div class=\"elementor-element elementor-element-380a5c5 cmsmasters-block-default cmsmasters-sticky-default elementor-widget elementor-widget-image\" data-id=\"380a5c5\" data-element_type=\"widget\" data-widget_type=\"image.default\">\n\t\t\t\t<div class=\"elementor-widget-container\">\n\t\t\t\t\t\t\t\t\t\t\t\t\t\t\t<img fetchpriority=\"high\" decoding=\"async\" width=\"1024\" height=\"1215\" src=\"https:\/\/doktoremrahyildiz.com\/wp-content\/uploads\/2024\/02\/contacts-4-1-30x36.webp\" class=\"attachment-full size-full wp-image-29294 cmsmasters_img cmsmasters-lazyload lazyload\" alt=\"\" data-sizes=\"(max-width: 1024px) 100vw, 1024px\" data-src=\"https:\/\/doktoremrahyildiz.com\/wp-content\/uploads\/2024\/02\/contacts-4-1.webp\" data-srcset=\"https:\/\/doktoremrahyildiz.com\/wp-content\/uploads\/2024\/02\/contacts-4-1.webp 1024w, https:\/\/doktoremrahyildiz.com\/wp-content\/uploads\/2024\/02\/contacts-4-1-253x300.webp 253w, https:\/\/doktoremrahyildiz.com\/wp-content\/uploads\/2024\/02\/contacts-4-1-863x1024.webp 863w, https:\/\/doktoremrahyildiz.com\/wp-content\/uploads\/2024\/02\/contacts-4-1-768x911.webp 768w, https:\/\/doktoremrahyildiz.com\/wp-content\/uploads\/2024\/02\/contacts-4-1-30x36.webp 30w, https:\/\/doktoremrahyildiz.com\/wp-content\/uploads\/2024\/02\/contacts-4-1-25x30.webp 25w, https:\/\/doktoremrahyildiz.com\/wp-content\/uploads\/2024\/02\/contacts-4-1-8x10.webp 8w\" srcset=\"https:\/\/doktoremrahyildiz.com\/wp-content\/uploads\/2024\/02\/contacts-4-1-30x36.webp 30w, https:\/\/doktoremrahyildiz.com\/wp-content\/uploads\/2024\/02\/contacts-4-1-253x300.webp 253w, https:\/\/doktoremrahyildiz.com\/wp-content\/uploads\/2024\/02\/contacts-4-1-863x1024.webp 863w, https:\/\/doktoremrahyildiz.com\/wp-content\/uploads\/2024\/02\/contacts-4-1-768x911.webp 768w, https:\/\/doktoremrahyildiz.com\/wp-content\/uploads\/2024\/02\/contacts-4-1-25x30.webp 25w, https:\/\/doktoremrahyildiz.com\/wp-content\/uploads\/2024\/02\/contacts-4-1-8x10.webp 8w, https:\/\/doktoremrahyildiz.com\/wp-content\/uploads\/2024\/02\/contacts-4-1.webp 1024w\" sizes=\"(max-width: 1024px) 100vw, 1024px\" \/>\t\t\t\t\t\t\t\t\t\t\t\t\t\t\t<\/div>\n\t\t\t\t<\/div>\n\t\t\t\t<\/div>\n\t\t<div class=\"elementor-element elementor-element-68cdb49 e-con-full e-flex cmsmasters-block-default e-con e-child\" data-id=\"68cdb49\" data-element_type=\"container\">\n\t\t\t\t<div class=\"elementor-element elementor-element-a3928fe cmsmasters-block-default cmsmasters-sticky-default elementor-widget elementor-widget-heading\" data-id=\"a3928fe\" data-element_type=\"widget\" data-widget_type=\"heading.default\">\n\t\t\t\t<div class=\"elementor-widget-container\">\n\t\t\t\t\t<h2 class=\"elementor-heading-title elementor-size-default\">B\u0130ZE YAZIN<\/h2>\t\t\t\t<\/div>\n\t\t\t\t<\/div>\n\t\t\t\t<div class=\"elementor-element elementor-element-431235a cmsmasters-block-default cmsmasters-sticky-default elementor-widget elementor-widget-cmsmasters-forminator\" data-id=\"431235a\" data-element_type=\"widget\" data-settings=\"{&quot;form_list&quot;:&quot;51&quot;}\" data-widget_type=\"cmsmasters-forminator.default\">\n\t\t\t\t<div class=\"elementor-widget-container\">\n\t\t\t\t\t<div class=\"elementor-widget-cmsmasters-contact-form__wrapper elementor-widget-cmsmasters-contact-form cmsmasters-default-color cmsmasters-default-font\" id=\"cmsmasters-widget-form-431235a\">\n\t\t\t<div class=\"elementor-widget-cmsmasters-contact-form__inner\"><div class=\"forminator-ui forminator-custom-form forminator-custom-form-51 forminator-design--default forminator-custom forminator_ajax\" data-forminator-render=\"0\" data-form=\"forminator-module-51\" data-uid=\"6a01ea6dd1560\"><br\/><\/div><form\n\t\t\t\tid=\"forminator-module-51\"\n\t\t\t\tclass=\"forminator-ui forminator-custom-form forminator-custom-form-51 forminator-design--default forminator-custom forminator_ajax\"\n\t\t\t\tmethod=\"post\"\n\t\t\t\tdata-forminator-render=\"0\"\n\t\t\t\tdata-form-id=\"51\"\n\t\t\t\t data-color-option=\"default\" data-design=\"default\" data-grid=\"custom\" style=\"display: none;\"\n\t\t\t\tdata-uid=\"6a01ea6dd1560\"\n\t\t\t><div role=\"alert\" aria-live=\"polite\" class=\"forminator-response-message forminator-error\" aria-hidden=\"true\"><\/div><div class=\"forminator-row\"><div id=\"name-1\" class=\"forminator-field-name forminator-col forminator-col-12 \"><div class=\"forminator-field\"><label for=\"forminator-field-name-1_6a01ea6dd1560\" id=\"forminator-field-name-1_6a01ea6dd1560-label\" class=\"forminator-label\">ADINIZ SOYADINIZ <span class=\"forminator-required\">*<\/span><\/label><input type=\"text\" name=\"name-1\" value=\"\" placeholder=\"\" id=\"forminator-field-name-1_6a01ea6dd1560\" class=\"forminator-input forminator-name--field\" aria-required=\"true\" autocomplete=\"name\" \/><\/div><\/div><\/div><div class=\"forminator-row\"><div id=\"phone-1\" class=\"forminator-field-phone forminator-col forminator-col-12 \"><div class=\"forminator-field\"><label for=\"forminator-field-phone-1_6a01ea6dd1560\" id=\"forminator-field-phone-1_6a01ea6dd1560-label\" class=\"forminator-label\">Telefon <span class=\"forminator-required\">*<\/span><\/label><input type=\"text\" name=\"phone-1\" value=\"\" placeholder=\"\" id=\"forminator-field-phone-1_6a01ea6dd1560\" class=\"forminator-input forminator-field--phone\" data-required=\"1\" aria-required=\"true\" autocomplete=\"off\" \/><\/div><\/div><\/div><div class=\"forminator-row\"><div id=\"textarea-1\" class=\"forminator-field-textarea forminator-col forminator-col-12 \"><div class=\"forminator-field\"><label for=\"forminator-field-textarea-1_6a01ea6dd1560\" id=\"forminator-field-textarea-1_6a01ea6dd1560-label\" class=\"forminator-label\">MESAJINIZ<\/label><textarea name=\"textarea-1\" placeholder=\"\" id=\"forminator-field-textarea-1_6a01ea6dd1560\" class=\"forminator-textarea\" rows=\"6\" style=\"min-height:140px;\" ><\/textarea><\/div><\/div><\/div><input type=\"hidden\" name=\"referer_url\" value=\"\" \/><div class=\"forminator-row forminator-row-last\"><div class=\"forminator-col\"><div class=\"forminator-field\"><button class=\"forminator-button forminator-button-submit\">G&Ouml;NDER<\/button><\/div><\/div><\/div><input type=\"hidden\" id=\"forminator_nonce\" name=\"forminator_nonce\" value=\"71622ca834\" \/><input type=\"hidden\" name=\"_wp_http_referer\" value=\"\/index.php?rest_route=%2Fwp%2Fv2%2Fpages%2F29268\" \/><input type=\"hidden\" name=\"form_id\" value=\"51\"><input type=\"hidden\" name=\"page_id\" value=\"29268\"><input type=\"hidden\" name=\"form_type\" value=\"default\"><input type=\"hidden\" name=\"current_url\" value=\"https:\/\/doktoremrahyildiz.com\/?page_id=29268\"><input type=\"hidden\" name=\"render_id\" value=\"0\"><input type=\"hidden\" name=\"action\" value=\"forminator_submit_form_custom-forms\"><\/form><\/div>\n\t\t<\/div>\t\t\t\t<\/div>\n\t\t\t\t<\/div>\n\t\t\t\t<\/div>\n\t\t\t\t\t<\/div>\n\t\t\t\t<\/div>\n\t\t\t\t<\/div>\n\t\t","protected":false},"excerpt":{"rendered":"<p>B\u0130ZE ULA\u015eIN Sa\u011fl\u0131\u011f\u0131n\u0131z\u0131 Ertelemeyin WHATSAPP 0537 859 00 24 \u0130leti\u015fim Bilgileri TELEFON 0537 859 00 24 ADRES\u0130M\u0130Z Diclekent Mah. Mh. Mastfro\u015f Cad. Cd. Fours Plaza K:12 Sk. No: 13\/33 KAYAPINAR\/D\u0130YARBAKIR B\u0130ZE YAZIN<\/p>\n","protected":false},"author":1,"featured_media":35429,"parent":0,"menu_order":0,"comment_status":"closed","ping_status":"closed","template":"","meta":{"_acf_changed":false,"footnotes":""},"class_list":["post-29268","page","type-page","status-publish","has-post-thumbnail","hentry"],"acf":[],"yoast_head":"<!-- This site is optimized with the Yoast SEO plugin v26.7 - https:\/\/yoast.com\/wordpress\/plugins\/seo\/ -->\n<title>\u0130leti\u015fim - DR. EMRAH YILDIZ<\/title>\n<meta name=\"description\" content=\"DR. EMRAH YILDIZ\" \/>\n<meta name=\"robots\" content=\"index, follow, max-snippet:-1, max-image-preview:large, max-video-preview:-1\" \/>\n<link rel=\"canonical\" href=\"https:\/\/doktoremrahyildiz.com\/?page_id=29268\" \/>\n<meta property=\"og:locale\" content=\"tr_TR\" \/>\n<meta property=\"og:type\" content=\"article\" \/>\n<meta property=\"og:title\" content=\"\u0130leti\u015fim - DR. EMRAH YILDIZ\" \/>\n<meta property=\"og:description\" content=\"DR. EMRAH YILDIZ\" \/>\n<meta property=\"og:url\" content=\"https:\/\/doktoremrahyildiz.com\/?page_id=29268\" \/>\n<meta property=\"og:site_name\" content=\"DR. EMRAH YILDIZ\" \/>\n<meta property=\"article:modified_time\" content=\"2025-07-05T18:21:44+00:00\" \/>\n<meta property=\"og:image\" content=\"https:\/\/doktoremrahyildiz.com\/wp-content\/uploads\/2025\/07\/admin-ajax-2.png\" \/>\n\t<meta property=\"og:image:width\" content=\"496\" \/>\n\t<meta property=\"og:image:height\" content=\"108\" \/>\n\t<meta property=\"og:image:type\" content=\"image\/png\" \/>\n<meta name=\"twitter:card\" content=\"summary_large_image\" \/>\n<meta name=\"twitter:label1\" content=\"Tahmini okuma s\u00fcresi\" \/>\n\t<meta name=\"twitter:data1\" content=\"1 dakika\" \/>\n<script type=\"application\/ld+json\" class=\"yoast-schema-graph\">{\"@context\":\"https:\/\/schema.org\",\"@graph\":[{\"@type\":\"WebPage\",\"@id\":\"https:\/\/doktoremrahyildiz.com\/?page_id=29268\",\"url\":\"https:\/\/doktoremrahyildiz.com\/?page_id=29268\",\"name\":\"\u0130leti\u015fim - DR. EMRAH YILDIZ\",\"isPartOf\":{\"@id\":\"https:\/\/doktoremrahyildiz.com\/#website\"},\"primaryImageOfPage\":{\"@id\":\"https:\/\/doktoremrahyildiz.com\/?page_id=29268#primaryimage\"},\"image\":{\"@id\":\"https:\/\/doktoremrahyildiz.com\/?page_id=29268#primaryimage\"},\"thumbnailUrl\":\"https:\/\/doktoremrahyildiz.com\/wp-content\/uploads\/2025\/07\/admin-ajax-2.png\",\"datePublished\":\"2024-02-12T15:47:57+00:00\",\"dateModified\":\"2025-07-05T18:21:44+00:00\",\"description\":\"DR. EMRAH YILDIZ\",\"breadcrumb\":{\"@id\":\"https:\/\/doktoremrahyildiz.com\/?page_id=29268#breadcrumb\"},\"inLanguage\":\"tr\",\"potentialAction\":[{\"@type\":\"ReadAction\",\"target\":[\"https:\/\/doktoremrahyildiz.com\/?page_id=29268\"]}]},{\"@type\":\"ImageObject\",\"inLanguage\":\"tr\",\"@id\":\"https:\/\/doktoremrahyildiz.com\/?page_id=29268#primaryimage\",\"url\":\"https:\/\/doktoremrahyildiz.com\/wp-content\/uploads\/2025\/07\/admin-ajax-2.png\",\"contentUrl\":\"https:\/\/doktoremrahyildiz.com\/wp-content\/uploads\/2025\/07\/admin-ajax-2.png\",\"width\":496,\"height\":108},{\"@type\":\"BreadcrumbList\",\"@id\":\"https:\/\/doktoremrahyildiz.com\/?page_id=29268#breadcrumb\",\"itemListElement\":[{\"@type\":\"ListItem\",\"position\":1,\"name\":\"Anasayfa\",\"item\":\"https:\/\/doktoremrahyildiz.com\/\"},{\"@type\":\"ListItem\",\"position\":2,\"name\":\"\u0130leti\u015fim\"}]},{\"@type\":\"WebSite\",\"@id\":\"https:\/\/doktoremrahyildiz.com\/#website\",\"url\":\"https:\/\/doktoremrahyildiz.com\/\",\"name\":\"DR. EMRAH YILDIZ\",\"description\":\"DOKTOR\",\"publisher\":{\"@id\":\"https:\/\/doktoremrahyildiz.com\/#organization\"},\"alternateName\":\"DR. EMRAH YILDIZ\",\"potentialAction\":[{\"@type\":\"SearchAction\",\"target\":{\"@type\":\"EntryPoint\",\"urlTemplate\":\"https:\/\/doktoremrahyildiz.com\/?s={search_term_string}\"},\"query-input\":{\"@type\":\"PropertyValueSpecification\",\"valueRequired\":true,\"valueName\":\"search_term_string\"}}],\"inLanguage\":\"tr\"},{\"@type\":\"Organization\",\"@id\":\"https:\/\/doktoremrahyildiz.com\/#organization\",\"name\":\"DR. EMRAH YILDIZ\",\"alternateName\":\"DR. EMRAH YILDIZ\",\"url\":\"https:\/\/doktoremrahyildiz.com\/\",\"logo\":{\"@type\":\"ImageObject\",\"inLanguage\":\"tr\",\"@id\":\"https:\/\/doktoremrahyildiz.com\/#\/schema\/logo\/image\/\",\"url\":\"https:\/\/emrah.dreklam.org\/wp-content\/uploads\/2025\/07\/admin-ajax-2.png\",\"contentUrl\":\"https:\/\/emrah.dreklam.org\/wp-content\/uploads\/2025\/07\/admin-ajax-2.png\",\"width\":496,\"height\":108,\"caption\":\"DR. EMRAH YILDIZ\"},\"image\":{\"@id\":\"https:\/\/doktoremrahyildiz.com\/#\/schema\/logo\/image\/\"}}]}<\/script>\n<!-- \/ Yoast SEO plugin. -->","yoast_head_json":{"title":"\u0130leti\u015fim - DR. EMRAH YILDIZ","description":"DR. EMRAH YILDIZ","robots":{"index":"index","follow":"follow","max-snippet":"max-snippet:-1","max-image-preview":"max-image-preview:large","max-video-preview":"max-video-preview:-1"},"canonical":"https:\/\/doktoremrahyildiz.com\/?page_id=29268","og_locale":"tr_TR","og_type":"article","og_title":"\u0130leti\u015fim - DR. EMRAH YILDIZ","og_description":"DR. EMRAH YILDIZ","og_url":"https:\/\/doktoremrahyildiz.com\/?page_id=29268","og_site_name":"DR. EMRAH YILDIZ","article_modified_time":"2025-07-05T18:21:44+00:00","og_image":[{"width":496,"height":108,"url":"https:\/\/doktoremrahyildiz.com\/wp-content\/uploads\/2025\/07\/admin-ajax-2.png","type":"image\/png"}],"twitter_card":"summary_large_image","twitter_misc":{"Tahmini okuma s\u00fcresi":"1 dakika"},"schema":{"@context":"https:\/\/schema.org","@graph":[{"@type":"WebPage","@id":"https:\/\/doktoremrahyildiz.com\/?page_id=29268","url":"https:\/\/doktoremrahyildiz.com\/?page_id=29268","name":"\u0130leti\u015fim - DR. EMRAH YILDIZ","isPartOf":{"@id":"https:\/\/doktoremrahyildiz.com\/#website"},"primaryImageOfPage":{"@id":"https:\/\/doktoremrahyildiz.com\/?page_id=29268#primaryimage"},"image":{"@id":"https:\/\/doktoremrahyildiz.com\/?page_id=29268#primaryimage"},"thumbnailUrl":"https:\/\/doktoremrahyildiz.com\/wp-content\/uploads\/2025\/07\/admin-ajax-2.png","datePublished":"2024-02-12T15:47:57+00:00","dateModified":"2025-07-05T18:21:44+00:00","description":"DR. EMRAH YILDIZ","breadcrumb":{"@id":"https:\/\/doktoremrahyildiz.com\/?page_id=29268#breadcrumb"},"inLanguage":"tr","potentialAction":[{"@type":"ReadAction","target":["https:\/\/doktoremrahyildiz.com\/?page_id=29268"]}]},{"@type":"ImageObject","inLanguage":"tr","@id":"https:\/\/doktoremrahyildiz.com\/?page_id=29268#primaryimage","url":"https:\/\/doktoremrahyildiz.com\/wp-content\/uploads\/2025\/07\/admin-ajax-2.png","contentUrl":"https:\/\/doktoremrahyildiz.com\/wp-content\/uploads\/2025\/07\/admin-ajax-2.png","width":496,"height":108},{"@type":"BreadcrumbList","@id":"https:\/\/doktoremrahyildiz.com\/?page_id=29268#breadcrumb","itemListElement":[{"@type":"ListItem","position":1,"name":"Anasayfa","item":"https:\/\/doktoremrahyildiz.com\/"},{"@type":"ListItem","position":2,"name":"\u0130leti\u015fim"}]},{"@type":"WebSite","@id":"https:\/\/doktoremrahyildiz.com\/#website","url":"https:\/\/doktoremrahyildiz.com\/","name":"DR. EMRAH YILDIZ","description":"DOKTOR","publisher":{"@id":"https:\/\/doktoremrahyildiz.com\/#organization"},"alternateName":"DR. EMRAH YILDIZ","potentialAction":[{"@type":"SearchAction","target":{"@type":"EntryPoint","urlTemplate":"https:\/\/doktoremrahyildiz.com\/?s={search_term_string}"},"query-input":{"@type":"PropertyValueSpecification","valueRequired":true,"valueName":"search_term_string"}}],"inLanguage":"tr"},{"@type":"Organization","@id":"https:\/\/doktoremrahyildiz.com\/#organization","name":"DR. EMRAH YILDIZ","alternateName":"DR. EMRAH YILDIZ","url":"https:\/\/doktoremrahyildiz.com\/","logo":{"@type":"ImageObject","inLanguage":"tr","@id":"https:\/\/doktoremrahyildiz.com\/#\/schema\/logo\/image\/","url":"https:\/\/emrah.dreklam.org\/wp-content\/uploads\/2025\/07\/admin-ajax-2.png","contentUrl":"https:\/\/emrah.dreklam.org\/wp-content\/uploads\/2025\/07\/admin-ajax-2.png","width":496,"height":108,"caption":"DR. EMRAH YILDIZ"},"image":{"@id":"https:\/\/doktoremrahyildiz.com\/#\/schema\/logo\/image\/"}}]}},"_links":{"self":[{"href":"https:\/\/doktoremrahyildiz.com\/index.php?rest_route=\/wp\/v2\/pages\/29268","targetHints":{"allow":["GET"]}}],"collection":[{"href":"https:\/\/doktoremrahyildiz.com\/index.php?rest_route=\/wp\/v2\/pages"}],"about":[{"href":"https:\/\/doktoremrahyildiz.com\/index.php?rest_route=\/wp\/v2\/types\/page"}],"author":[{"embeddable":true,"href":"https:\/\/doktoremrahyildiz.com\/index.php?rest_route=\/wp\/v2\/users\/1"}],"replies":[{"embeddable":true,"href":"https:\/\/doktoremrahyildiz.com\/index.php?rest_route=%2Fwp%2Fv2%2Fcomments&post=29268"}],"version-history":[{"count":0,"href":"https:\/\/doktoremrahyildiz.com\/index.php?rest_route=\/wp\/v2\/pages\/29268\/revisions"}],"wp:featuredmedia":[{"embeddable":true,"href":"https:\/\/doktoremrahyildiz.com\/index.php?rest_route=\/wp\/v2\/media\/35429"}],"wp:attachment":[{"href":"https:\/\/doktoremrahyildiz.com\/index.php?rest_route=%2Fwp%2Fv2%2Fmedia&parent=29268"}],"curies":[{"name":"wp","href":"https:\/\/api.w.org\/{rel}","templated":true}]}}